lculate the remainder when 167901 is divided by 278.
267
What is the remainder when 7558 is divided by 2507?
37
Calculate the remainder when 18974 is divided by 234.
20
What is the remainder when 1729 is divided by 184?
73
Calculate the remainder when 8743 is divided by 18.
13
Calculate the remainder when 7786 is divided by 300.
286
What is the remainder when 30462 is divided by 565?
517
What is the remainder when 162322 is divided by 43?
40
Calculate the remainder when 474046 is divided by 576.
574
What is the remainder when 2336 is divided by 375?
86
Calculate the remainder when 105563 is divided by 818.
41
What is the remainder when 50364 is divided by 16764?
72
What is the remainder when 124773 is divided by 530?
223
What is the remainder when 145182 is divided by 197?
190
Calculate the remainder when 7930 is divided by 3043.
1844
Calculate the remainder when 75226 is divided by 183.
13
Calculate the remainder when 123459 is divided by 114.
111
What is the remainder when 35247 is divided by 250?
247
Calculate the remainder when 20357 is divided by 20.
17
Calculate the remainder when 7322 is divided by 1397.
337
What is the remainder when 1564593 is divided by 1978?
1973
What is the remainder when 428741 is divided by 265?
236
What is the remainder when 145960 is divided by 16?
8
Calculate the remainder when 20511 is divided by 641.
640
Calculate the remainder when 3242 is divided by 1620.
2
What is the remainder when 193599 is divided by 25?
24
What is the remainder when 1587 is divided by 226?
5
What is the remainder when 300782 is divided by 3668?
6
What is the remainder when 6396 is divided by 111?
69
What is the remainder when 593836 is divided by 18?
16
Calculate the remainder when 12938 is divided by 38.
18
What is the remainder when 734498 is divided by 10?
8
Calculate the remainder when 4852 is divided by 1209.
16
What is the remainder when 1205 is divided by 116?
45
Calculate the remainder when 12156 is divided by 12135.
21
Calculate the remainder when 92472 is divided by 1445.
1437
Calculate the remainder when 30720 is divided by 1386.
228
Calculate the remainder when 24875 is divided by 2856.
2027
Calculate the remainder when 50537 is divided by 3881.
84
Calculate the remainder when 3866 is divided by 229.
202
What is the remainder when 54256 is divided by 321?
7
What is the remainder when 611 is divided by 214?
183
What is the remainder when 24520 is divided by 1189?
740
Calculate the remainder when 279122 is divided by 203.
200
What is the remainder when 4468 is divided by 744?
4
What is the remainder when 94742 is divided by 758?
750
Calculate the remainder when 108 is divided by 20.
8
Calculate the remainder when 547975 is divided by 18895.
20
What is the remainder when 161588 is divided by 113?
111
Calculate the remainder when 4113 is divided by 28.
25
What is the remainder when 93506 is divided by 3896?
2
Calculate the remainder when 1631 is divided by 38.
35
What is the remainder when 3041655 is divided by 2133?
2130
What is the remainder when 75519 is divided by 75514?
5
Calculate the remainder when 1760 is divided by 181.
131
Calculate the remainder when 54667 is divided by 67.
62
Calculate the remainder when 1951 is divided by 101.
32
Calculate the remainder when 27424 is divided by 21.
19
What is the remainder when 1315 is divided by 114?
61
What is the remainder when 2717 is divided by 678?
5
What is the remainder when 446369 is divided by 42?
35
Calculate the remainder when 3305 is divided by 3011.
294
Calculate the remainder when 153093 is divided by 457.
455
What is the remainder when 114586 is divided by 34?
6
Calculate the remainder when 32137 is divided by 138.
121
What is the remainder when 570 is divided by 7?
3
Calculate the remainder when 546767 is divided by 237.
8
Calculate the remainder when 5656 is divided by 1129.
11
Calculate the remainder when 6652 is divided by 3239.
174
Calculate the remainder when 20098 is divided by 4017.
13
Calculate the remainder when 52527 is divided by 133.
125
What is the remainder when 2626 is divided by 85?
76
Calculate the remainder when 75085 is divided by 243.
241
What is the remainder when 8673 is divided by 19?
9
What is the remainder when 17902 is divided by 1375?
27
What is the remainder when 398 is divided by 346?
52
Calculate the remainder when 6627 is divided by 72.
3
What is the remainder when 9024 is divided by 1113?
120
Calculate the remainder when 3332 is divided by 70.
42
Calculate the remainder when 43052 is divided by 103.
101
Calculate the remainder when 829700 is divided by 724.
720
What is the remainder when 6253 is divided by 740?
333
What is the remainder when 49448 is divided by 2249?
2219
What is the remainder when 143650 is divided by 2144?
2
What is the remainder when 12038 is divided by 1496?
70
What is the remainder when 50257 is divided by 8367?
55
What is the remainder when 2254 is divided by 112?
14
What is the remainder when 9042 is divided by 118?
74
What is the remainder when 21528 is divided by 7160?
48
What is the remainder when 143991 is divided by 439?
438
What is the remainder when 8032 is divided by 622?
568
Calculate the remainder when 15143 is divided by 5041.
20
Calculate the remainder when 24184 is divided by 252.
244
Calculate the remainder when 24005 is divided by 585.
20
Calculate the remainder when 775198 is divided by 39.
34
Calculate the remainder when 604218 is divided by 120842.
8
Calculate the remainder when 1388 is divided by 49.
16
Calculate the remainder when 20312 is divided by 98.
26
What is the remainder when 704543 is divided by 352271?
1
Calculate the remainder when 253245 is divided by 952.
13
What is the remainder when 2332682 is divided by 17?
10
Calculate the remainder when 14808 is divided by 275.
233
What is the remainder when 3699 is divided by 620?
599
What is the remainder when 10060 is divided by 503?
0
What is the remainder when 62066 is divided by 430?
146
What is the remainder when 7698 is divided by 52?
2
What is the remainder when 56666 is divided by 28284?
98
What is the remainder when 28414 is divided by 24?
22
Calculate the remainder when 255308 is divided by 1296.
1292
What is the remainder when 12286 is divided by 2430?
136
What is the remainder when 802 is divided by 175?
102
Calculate the remainder when 470676 is divided by 335.
1
Calculate the remainder when 149640 is divided by 113.
28
What is the remainder when 138172 is divided by 20?
12
Calculate the remainder when 954 is divided by 832.
122
Calculate the remainder when 107413 is divided by 99.
97
What is the remainder when 609 is divided by 345?
264
What is the remainder when 35015 is divided by 68?
63
What is the remainder when 9448 is divided by 450?
448
Calculate the remainder when 60895 is divided by 174.
169
Calculate the remainder when 4614 is divided by 531.
366
What is the remainder when 23228 is divided by 447?
431
Calculate the remainder when 75091 is divided by 313.
284
What is the remainder when 21275 is divided by 140?
135
Calculate the remainder when 325941 is divided by 325915.
26
What is the remainder when 4102 is divided by 2040?
22
What is the remainder when 188026 is divided by 92?
70
What is the remainder when 35355 is divided by 79?
42
Calculate the remainder when 5597685 is divided by 358.
355
Calculate the remainder when 4409 is divided by 551.
1
Calculate the remainder when 3049 is divided by 966.
151
Calculate the remainder when 24815 is divided by 38.
1
What is the remainder when 11281 is divided by 54?
49
Calculate the remainder when 3125 is divided by 2991.
134
What is the remainder when 12283 is divided by 177?
70
Calculate the remainder when 4036 is divided by 343.
263
Calculate the remainder when 40685 is divided by 13555.
20
What is the remainder when 811478 is divided by 973?
969
Calculate the remainder when 3713416 is divided by 48.
40
Calculate the remainder when 45482 is divided by 133.
129
What is the remainder when 11791 is divided by 77?
10
What is the remainder when 2036 is divided by 442?
268
Calculate the remainder when 10225 is divided by 39.
7
Calculate the remainder when 50918 is divided by 138.
134
What is the remainder when 84067 is divided by 5?
2
What is the remainder when 5453549 i